**3 - 945*o**2 + 52*o + 5521. Give p(-105).
61
Let i(g) = -2*g**3 + 99*g**2 + 11973*g - 596070. Determine i(50).
80
Let o(b) = -277*b + 10741. Determine o(39).
-62
Let j(p) = 4*p**3 + 121*p**2 + 451*p + 234. Determine j(-26).
0
Let f(i) = -i**3 - 35*i**2 - 108*i - 5123. Calculate f(-36).
61
Let x(l) = -l**3 - 40*l**2 - 306*l + 205. Determine x(-15).
-830
Let x(a) = 25*a**2 + 125*a + 80. Determine x(-3).
-70
Let x(i) = i**3 + 5*i**2 - 1473*i - 2997. Give x(37).
0
Let x(m) = m**2 + 428*m + 8087. Calculate x(-20).
-73
Let s(z) = 35190*z + 879671. What is s(-25)?
-79
Let g(i) = -1868*i - 27960. Give g(-15).
60
Let o(x) = 11*x**2 - 757*x + 1. What is o(0)?
1
Let z(o) = 3*o**3 + 79*o**2 - 122*o + 36. Calculate z(-28).
-468
Let i(v) = v**3 - 2*v**2 - 942*v - 9. Give i(-29).
1238
Let u(m) = -24*m**2 - 5710*m + 502. What is u(-238)?
26
Let p(j) = -78*j**2 - 1033*j - 1163. What is p(-12)?
1
Let f(p) = -3*p**2 + 94*p + 2278. Give f(48).
-122
Let z(o) = 878*o - 31. Calculate z(0).
-31
Let n(c) = 49*c**2 - 1987*c - 15767. Give n(-8).
3265
Let y(x) = -x**2 + 433*x - 12829. Calculate y(401).
3
Let h(n) = -49*n**3 - 20*n**2 + 15*n + 4. Determine h(-2).
286
Let k(c) = -24*c**2 + 1782*c - 32882. Calculate k(40).
-2
Let h(m) = -m**3 + 55*m**2 - 250*m + 2470. What is h(51)?
124
Let i(v) = -2394*v - 57461. Determine i(-24).
-5
Let t(k) = 1981374*k + 21795121. Determine t(-11).
7
Let k(h) = 11210*h + 22379. Give k(-2).
-41
Let k(u) = -50*u**2 - 89*u - 148. Give k(-2).
-170
Let d(a) = -127*a**2 + 251*a - 1013. Give d(4).
-2041
Let w(a) = 2*a**2 + 609*a - 27934. Determine w(-345).
11
Let y(x) = -x**2 + 734*x - 69203. What is y(113)?
970
Let a(p) = 6*p**2 - 363*p + 4268. Calculate a(15).
173
Let w(t) = -5*t**2 + 235*t + 1572. What is w(53)?
-18
Let t(h) = -h**2 + 30450*h - 3579167. Determine t(118).
9
Let r(g) = 19148*g + 2584986. Give r(-135).
6
Let f(i) = 30*i + 1394. What is f(-19)?
824
Let f(d) = 3*d**2 + 2981*d - 11912. Give f(4).
60
Let b(f) = 11*f**3 + 46*f**2 - 86*f - 224. Determine b(-5).
-19
Let w(s) = 10*s**3 + 59*s**2 + 120*s + 2. Determine w(-2).
-82
Let m(d) = -251*d - 4211. Calculate m(-15).
-446
Let l(j) = -j**2 + 691*j + 249544. Give l(-262).
-142
Let p(u) = u**3 - 393*u**2 + 3027*u + 20479. Give p(385).
74
Let u(h) = -h**3 - 64*h**2 - 61*h + 249. Determine u(-63).
123
Let y(t) = 16556*t - 1175508. What is y(71)?
-32
Let s(k) = 97*k - 2891. What is s(40)?
989
Let f(c) = -c**3 - 94*c**2 + 3507*c + 343995. What is f(-91)?
15
Let q(m) = -5*m**3 + 124*m**2 + 501*m - 11766. What is q(25)?
134
Let y(t) = -300*t**2 - 26339*t + 5339. Give y(-88).
-29
Let y(i) = 3*i**3 + 118*i**2 - 94*i - 453. What is y(-40)?
107
Let d(x) = 25071*x - 701996. Calculate d(28).
-8
Let i(x) = 20*x**2 + 338*x - 22. Give i(-16).
-310
Let n(a) = a**2 - 150019*a - 300036. Determine n(-2).
6
Let j(h) = 1262*h + 580513. Calculate j(-460).
-7
Let y(l) = -87*l - 2130. Determine y(-8).
-1434
Let r(a) = 69*a**2 + 3113*a + 170. What is r(-45)?
-190
Let y(d) = 1348*d + 20155. Give y(-14).
1283
Let o(q) = 129947*q - 3508570. Calculate o(27).
-1
Let q(n) = -2*n**3 - 97*n**2 + 49*n + 160. Calculate q(-49).
160
Let t(w) = -109*w**2 - 669*w + 78. Give t(-6).
168
Let u(r) = r**2 + 1022*r - 30411. What is u(30)?
1149
Let n(p) = -7*p**2 - 803*p - 20290. Determine n(-77).
38
Let n(c) = -4*c**2 - 267*c - 3490. Calculate n(-49).
-11
Let g(d) = -437*d - 81274. Determine g(-186).
8
Let z(q) = 281*q**2 - 1651*q - 204. What is z(6)?
6
Let z(g) = 24700*g + 222112. Calculate z(-9).
-188
Let y(q) = -27568*q - 2040016. What is y(-74)?
16
Let o(g) = -5*g**3 + 2*g**2 + 105*g + 519. What is o(-5)?
669
Let h(x) = -6*x**3 + 117*x**2 + 43*x + 105. What is h(20)?
-235
Let d(p) = -313*p + 20353. Determine d(65).
8
Let w(g) = -g**3 + 9*g**2 - 658*g + 1956. Give w(3).
36
Let d(i) = i**3 - 6*i**2 - 224*i + 1866. What is d(10)?
26
Let t(a) = -187*a**2 + 152*a - 395. What is t(4)?
-2779
Let s(n) = 1691*n**3 + 4*n**2 - 5*n - 7. What is s(-1)?
-1689
Let o(p) = 2*p**3 + 283*p**2 - 1305*p + 1371. What is o(-146)?
57
Let o(t) = 91*t**2 - 3377*t + 504. What is o(37)?
134
Let k(d) = d**3 + 35*d**2 - 61*d + 472. What is k(-37)?
-9
Let q(n) = -201*n - 1297. Give q(-3).
-694
Let z(n) = -7*n**3 - 2085*n**2 + 302*n + 1221. What is z(-298)?
29
Let a(t) = -t**3 + 18*t**2 + 170*t - 1261. Calculate a(23).
4
Let k(t) = -t**2 + 5978*t - 59752. Calculate k(10).
-72
Let q(g) = -3*g**3 + 84*g**2 + 381*g - 93. Determine q(32).
-189
Let r(d) = -139565*d + 4326509. Give r(31).
-6
Let k(i) = -i**3 + 18*i**2 + 79*i - 451. What is k(13)?
1421
Let o(l) = 2*l**2 + 165954*l + 1991107. What is o(-12)?
-53
Let c(n) = 300*n - 1113. What is c(6)?
687
Let k(r) = -18*r**2 + 3343*r - 39614. Calculate k(173).
3
Let i(g) = 15*g**3 + 143*g**2 + 173*g - 48. Give i(-8).
40
Let u(t) = t**3 - 3*t**2 - 1018*t - 3017. Determine u(-3).
-17
Let a(z) = 2*z**2 - 3452*z - 10346. Calculate a(-3).
28
Let m(w) = w**2 - 1000*w + 13730. What is m(14)?
-74
Let d(u) = 3605*u**2 - 1081*u - 1078. What is d(-1)?
3608
Let f(w) = -w**2 - 377*w - 32050. What is f(-130)?
60
Let g(r) = -r**2 + 1801*r + 257221. What is g(-133)?
-1
Let i(o) = -53503*o - 6741351. What is i(-126)?
27
Let m(b) = 4*b**3 - 4*b**2 + 514*b + 2247. Determine m(-4).
-129
Let d(f) = -1474*f + 12373. Determine d(8).
581
Let i(z) = 3*z**3 + 277*z**2 - 183*z + 590. Calculate i(-93).
311
Let t(f) = -2*f**3 + 85*f**2 - 680*f - 1122. Determine t(13).
9
Let i(t) = -428*t - 328. Calculate i(3).
-1612
Let f(a) = -24745*a - 24622. Determine f(-1).
123
Let k(b) = -b**2 + 324*b + 3285. Calculate k(335).
-400
Let z(d) = -14330*d + 2823005. Calculate z(197).
-5
Let k(i) = 7*i**3 - 104*i**2 - 238*i. Determine k(-2).
4
Let h(c) = -6937*c + 228913. What is h(33)?
-8
Let d(x) = -2635*x - 130410. What is d(-49)?
-1295
Let i(w) = 2*w**2 - 1523*w - 52350. Give i(-33).
87
Let o(q) = 3876*q + 69716. Calculate o(-18).
-52
Let i(d) = -d**2 - 502*d + 24020. Determine i(44).
-4
Let u(z) = -12*z**3 - 4*z**2 + 3*z + 61. Give u(-3).
340
Let o(y) = 4*y**3 + 41*y**2 - 68*y + 66. Calculate o(-12).
-126
Let r(x) = -478*x - 7655. Determine r(-16).
-7
Let n(y) = 33*y**2 - 885*y + 697. What is n(26)?
-5
Let k(v) = -544*v - 17616. Calculate k(-39).
3600
Let l(b) = 449*b - 1268. Give l(2).
-370
Let s(d) = -d**3 + 24*d**2 + 96*d - 3665. Determine s(19).
-36
Let j(i) = -101*i + 4494. Determine j(48).
-354
Let y(t) = -t**3 - 40*t**2 - 104*t + 6601. Calculate y(-23).
0
Let f(j) = -170*j**2 + 18366*j + 266. Determine f(108).
914
Let m(p) = -11*p**3 + 55*p**2 - 92*p - 30. What is m(2)?
-82
Let j(o) = -200*o**2 - 3209*o - 107. Give j(-16).
37
Let y(a) = -a**2 - 26346*a + 474477. Calculate y(18).
-75
Let z(k) = 103734*k - 3423212. Determine z(33).
10
Let y(s) = -43*s**3 - 133*s**2 - 628*s + 27. Give y(-5).
5217
Let r(g) = -14*g**2 + 78*g + 552. Determine r(-8).
-968
Let v(t) = -91*t - 11631. Calculate v(-132).
381
Let i(r) = -2973*r + 32570. Calculate i(11).
-133
Let u(o) = 2*o**2 - 798*o - 15884. Calculate u(418).
0
Let m(x) = -459*x**2 - 870*x + 82. Calculate m(-2).
-14
Let k(w) = w**2 - 144*w - 18833. What is k(227)?
8
Let t(m) = m**3 + 91*m**2 - 227*m - 9355. Determine t(-92).
3065
Let p(g) = -16255*g - 178304. What is p(-11)?
501
Let a(x) = 7033*x + 105547. Determine a(-15).
52
Let u(p) = -98*p - 8254. Calculate u(-44).
-3942
Let u(p) = -2*p**3 - 25*p**2 + 276*p + 3308. Calculate u(-12).
-148
Let v(b) = b**3 + 18*b**2 + 57*b + 159. Give v(-17).
-521
Let k(d) = -d**3 + 57*d**2 + 183*d + 59. Give k(-3).
50
Let z(s) = 154*s + 17357. What is z(-112)?
109
Let g(r) = 14882*r - 342479. What is g(23)?
-193
Let p(n) = -n**3 - 97*n**2 - 340*n - 5341. What is p(-94)?
111
Let r(n) = -9794*n + 5837232. What is r(596)?
8
Let f(k) = 10124*k + 70528. Determine f(-7).
-340
Let d(x) = -520*x + 2329. Calculate d(7).
-1311
Let n(s) = s**3 + 16*s**2 - 83*s - 88. What is n(13)?
3734
Let t(v) = -v**3 + 380*v**2 + 3139*v - 13554. What is t(388)?
26
Let r(x) = x**2 + 80*x + 1099. Give r(-20).
-101
Let t(n) = 11*n**3 - 34*n**2 + 155*n - 442. Determine t(3).
14
Let r(c) = 2*c**3 + 306*c**2 + 304*c + 1387. Give r(-152).
1387
Let a(f) = 2*f**2 + 38*f - 58814. Determine a(162).
-170
Let z(q) = -2*q**3 - 10*q**2 - 4*q + 21. Calculate z(-4).
5
Let w(k) = -31589*k - 157982. What is w(-